4 and f.
14
Let r = 34 - 33. Calculate the highest common factor of 7 and r.
1
Let p = 35 + -32. Calculate the highest common factor of p and 15.
3
Suppose 247 = -5*q + 62. Let k = q - -54. Let g be ((-17)/(-2))/((-3)/(-6)). What is the greatest common divisor of g and k?
17
Let d = 7 + -2. Suppose -2*a = d*o - a - 62, -2*o - a + 26 = 0. Calculate the greatest common factor of 24 and o.
12
Let o(s) = s**2 + 7*s + 7. Let v be o(-6). Calculate the greatest common divisor of v and 11.
1
Let p be 5 - -2*2/(-4). Let z be (3 - 3/1)*-1. Suppose -2*y + 4*y - 20 = z. What is the highest common divisor of y and p?
2
Let k be 0/(-2 + -3 + 6). Suppose -b - 4*b + 95 = k. What is the greatest common factor of b and 19?
19
Let f(n) be the third derivative of -11*n**4/24 - n**3/6 - n**2. Let x be f(-3). What is the highest common factor of 8 and x?
8
Let z be 221 - ((-29)/9 + (-22)/(-99)). Calculate the greatest common factor of z and 14.
14
Let x = 126 + -90. What is the greatest common divisor of x and 4?
4
Suppose -20*g = -3*g - 1071. Calculate the highest common factor of g and 21.
21
Let i(g) = -3 - 3*g + g**2 - 2*g**2 - 7*g. Let l = -23 - -15. Let z be i(l). Calculate the highest common factor of z and 117.
13
Let r(x) = 7*x**3 - x + 1. Let p be r(1). Suppose -3*n = -17 - p. What is the greatest common factor of n and 88?
8
Let n(v) = -11*v + 1. Let f(r) = -4*r. Let w(c) = 10*f(c) - 4*n(c). Let o be w(5). What is the highest common factor of o and 32?
16
Let x be ((-8)/(-20))/(1/5). Let v(g) = 6*g**2 - g - 3*g**x + 6*g. Let y be v(-5). Calculate the greatest common divisor of 10 and y.
10
Let c = -2 + 2. Suppose 5*r + 4*v - 656 = c, 5*r + 5*v = -0*v + 655. Let s = -31 + 43. Calculate the greatest common factor of r and s.
12
Let u(j) = j**3 - 8*j**2 + 11*j - 9. Suppose 0 = -3*h + 3*a + 27, -6*a + a + 11 = 3*h. Let r be u(h). What is the greatest common divisor of 95 and r?
19
Let b(m) = -4*m + 0*m + m**3 - 5*m + 7*m**2 - 5. Let s be b(-8). Suppose 2*n - 320 = -s*n. Calculate the greatest common divisor of 8 and n.
8
Suppose 87 = -2*c - o - 4*o, -4*o - 168 = 4*c. Let q = -11 - c. What is the highest common factor of q and 15?
15
Suppose -2 = -d + 6. Calculate the highest common divisor of d and 72.
8
Let u = -165 - -352. What is the highest common factor of 17 and u?
17
Let i = -10 + 26. What is the highest common divisor of 8 and i?
8
Let l = -10 + 37. Let b be 32/(-12)*l/(-4). Suppose 0 = -3*j + 4*x + b, -2*j + 2*x - 3*x + 1 = 0. What is the greatest common divisor of 6 and j?
2
Suppose 3*a - 100 = z, -3*a - 4*z + 82 = -28. Let u = 23 - -11. What is the greatest common factor of a and u?
34
Suppose -2*q + 316 = 16. What is the highest common factor of q and 60?
30
Let b = -29 + 67. What is the highest common divisor of b and 19?
19
Let n(d) = -d**3 - 8*d**2 - 5*d - 4. Let f be n(-8). What is the highest common factor of 4 and f?
4
Let u be 56*((-2)/(-11) - 77/(-242)). Calculate the greatest common factor of 84 and u.
28
Let r(s) be the first derivative of 2*s**3/3 - 5*s**2 + 11*s + 7. Let g be r(11). Calculate the highest common divisor of 13 and g.
13
Let p = 447 + -239. What is the greatest common divisor of 26 and p?
26
Let q be (-1)/5 - 3*(-991)/15. What is the highest common divisor of q and 18?
18
Suppose -g + 4 = -1. Calculate the highest common factor of 15 and g.
5
Let k = -110 - -34. Let w(o) = 117*o**3 + 1. Let z be w(1). Let x = z + k. Calculate the greatest common divisor of x and 28.
14
Suppose 12*z + 3*z = 45. Calculate the greatest common divisor of z and 12.
3
Suppose 5*z + 128 = 5*i + z, -5*i + z = -122. Let b = -13 - -25. What is the highest common divisor of i and b?
12
Let a = -38 - -64. What is the highest common divisor of a and 182?
26
Suppose -6*j = -13*j + 147. What is the greatest common factor of j and 28?
7
Suppose -5*k + 22 = 77. Let n = -22 + -14. Let g = k - n. Calculate the highest common factor of g and 5.
5
Let r(v) be the third derivative of -v**6/120 - v**5/20 + 7*v**4/24 + 7*v**3/6 - 4*v**2. Let o be r(-5). Calculate the greatest common divisor of 33 and o.
11
Suppose 0 = 2*h - 4*h + 90. What is the highest common factor of h and 9?
9
Let z(l) = -14*l**3 + l**2 - l - 1. Suppose 5*d = -2 - 3. Let g be z(d). Calculate the highest common divisor of 6 and g.
3
Let t = 16 + -6. Suppose -6*u - t = -4*u. Let i(z) = -4*z - 4. Let f be i(u). What is the greatest common factor of f and 80?
16
Suppose 4*l = l + 15. Suppose 4*o = l*o - 115. Suppose 5*c - o = -40. What is the highest common divisor of 105 and c?
15
Let i(p) = 10 + 2*p**2 + 5*p - 4 - p**2. Let b be i(-5). Let n be b/27 + 1634/18. What is the greatest common factor of 13 and n?
13
Let i be (-35)/(-3) - (-7)/21. What is the highest common factor of i and 4?
4
Let q(g) = g**3 + 3*g**2 - 5*g. Let r be q(-4). Let x(s) = 2*s**3 - 9*s**2 - 5*s + 2. Let p be x(5). Calculate the greatest common divisor of r and p.
2
Let k be (-21)/((-1)/((-3)/(-3))). Suppose -f + 29 = 2*l - 55, -84 = -2*l + f. Calculate the highest common divisor of k and l.
21
Let d = 16 + 2. Let a(u) = 14*u - 2. Let x be a(4). Suppose -w + x = -36. Calculate the highest common factor of d and w.
18
Let u = 3 - 0. Suppose -3*g = 5*j - 12, -13 + 2 = -4*j - g. Calculate the highest common divisor of j and u.
3
Suppose -12 = -s - s. Let k be 1/s*3*10. Suppose w = k + 11. What is the greatest common divisor of w and 144?
16
Suppose 2*n = 6*n - 12. Suppose 4*o = 4*i - 28, -n*i + 8*i - 33 = 3*o. Let u be -10*i*(-12)/16. What is the highest common divisor of u and 18?
9
Let y = 6 + -6. Let x = y + 22. Calculate the highest common factor of 55 and x.
11
Suppose l = 3*g + 66, 2*g = 2*l - 74 - 74. Suppose -l = -4*y + 30. Calculate the greatest common factor of 9 and y.
9
Let g = -61 - -149. What is the highest common factor of 22 and g?
22
Let p(o) = 2*o - 6. Let f be p(5). Suppose 0 = -l - 0*l - 3*z - 11, f*z = l - 24. Let h = 39 - 7. What is the highest common divisor of h and l?
4
Suppose 0 = -3*i + 3*n + 54, 0 = -2*i + 3*n + 2*n + 45. Let o be (-2 - 3/1)*(0 + -1). What is the greatest common divisor of i and o?
5
Let g = -14 + 74. Calculate the highest common divisor of 12 and g.
12
Let v be 5*-22*(-3)/10. Let w be (-46)/(-10) - 4/(-10). Suppose 5*s = n + 110, w*s + 5*n = 2*s + 66. Calculate the highest common factor of v and s.
11
Let s(b) = 2*b**2 - 13*b - 17. Let v be s(8). What is the highest common divisor of 133 and v?
7
Suppose p = -p. Let f be 2 + p/(-3) + 3. Suppose 0 = f*r - 2*k - 130, 0 = -2*r - 2*k - 3*k + 81. What is the highest common divisor of 42 and r?
14
Let q = 32 + -11. Suppose -a + 2 = -12. Suppose h = -j + a - 6, 0 = 3*h + 4*j - 25. Calculate the highest common divisor of q and h.
7
Let q(b) = 13*b**2 - 5*b - 3. Let l be q(-4). Suppose -4*u + v + l = 6*v, 4*v - 108 = -2*u. What is the greatest common divisor of u and 15?
15
Let d(h) be the second derivative of -3*h**3/2 - 9*h**2 + 5*h. Let j be d(-14). Calculate the highest common factor of j and 18.
18
Let b(y) = y**3 + 10*y**2 - 3*y. Let p be b(-5). Let o(x) = x**3 - 10*x**2 + x + 10. Let z be o(10). Calculate the highest common factor of p and z.
20
Let z(s) = 3*s**2 - 6*s + 7. Let r(u) = -u**3 + 2*u**2 - 3*u + 1. Let h be r(2). Let w be z(h). What is the highest common factor of w and 14?
14
Let x be (-4 - -4 - (-3)/(-1)) + 6. Calculate the highest common factor of x and 21.
3
Let l be 9/(3*2/4). Suppose 12 = -2*v + l*v. Let f = 2 - -22. Calculate the highest common factor of f and v.
3
Suppose 0*j + 16 = -2*j. Let c = -5 - j. Let i be -1 + c + 0 + 22. Calculate the highest common divisor of 3 and i.
3
Let o(a) = a - 3. Let s be o(8). Calculate the highest common factor of 1 and s.
1
Let f be -3 - (((-4)/(-4) - 23) + 1). What is the greatest common divisor of f and 9?
9
Let i(f) = 9*f**3 + 0*f**3 - 7*f**3 + 6*f + 2*f - 13*f**2 + 8. Let k be i(8). What is the highest common divisor of 24 and k?
24
Let i be 488/(-6) - 4/6. Let w = i - -162. Let g = -23 + 33. What is the greatest common divisor of w and g?
10
Suppose 0 = -2*w + 6*w + 4*l - 112, 122 = 5*w - 4*l. Calculate the greatest common factor of w and 52.
26
Let h = -6 + 10. Suppose x + x = -2*o - 70, h*o = -20. Let l = 40 - x. Calculate the highest common factor of l and 14.
